29
List the prime factors of 555.
3, 5, 37
List the prime factors of 11809.
7, 241
List the prime factors of 21493.
21493
List the prime factors of 782.
2, 17, 23
List the prime factors of 39015.
3, 5, 17
List the prime factors of 3396.
2, 3, 283
What are the prime factors of 1218?
2, 3, 7, 29
List the prime factors of 847.
7, 11
What are the prime factors of 5551?
7, 13, 61
What are the prime factors of 1628?
2, 11, 37
List the prime factors of 1558.
2, 19, 41
List the prime factors of 523.
523
What are the prime factors of 27768?
2, 3, 13, 89
List the prime factors of 66672.
2, 3, 463
List the prime factors of 16737.
3, 7, 797
What are the prime factors of 463?
463
What are the prime factors of 1060?
2, 5, 53
What are the prime factors of 22413?
3, 31, 241
List the prime factors of 1089.
3, 11
What are the prime factors of 705?
3, 5, 47
What are the prime factors of 76145?
5, 97, 157
List the prime factors of 975.
3, 5, 13
What are the prime factors of 60053?
7, 23, 373
List the prime factors of 37.
37
List the prime factors of 5486.
2, 13, 211
What are the prime factors of 44?
2, 11
List the prime factors of 3754.
2, 1877
List the prime factors of 5455.
5, 1091
What are the prime factors of 1057?
7, 151
List the prime factors of 3291.
3, 1097
List the prime factors of 1497.
3, 499
List the prime factors of 1107.
3, 41
What are the prime factors of 535?
5, 107
What are the prime factors of 114004?
2, 11, 2591
List the prime factors of 405.
3, 5
What are the prime factors of 601?
601
List the prime factors of 190386.
2, 3, 7, 1511
What are the prime factors of 4990?
2, 5, 499
What are the prime factors of 7035?
3, 5, 7, 67
List the prime factors of 4310.
2, 5, 431
List the prime factors of 4703.
4703
What are the prime factors of 168973?
7, 101, 239
What are the prime factors of 2719?
2719
List the prime factors of 30409.
47, 647
What are the prime factors of 2039?
2039
List the prime factors of 9752.
2, 23, 53
List the prime factors of 64862.
2, 7, 41, 113
List the prime factors of 3193.
31, 103
What are the prime factors of 3356?
2, 839
List the prime factors of 72595.
5, 14519
What are the prime factors of 8830?
2, 5, 883
What are the prime factors of 58572?
2, 3, 1627
List the prime factors of 20658.
2, 3, 11, 313
List the prime factors of 3332.
2, 7, 17
What are the prime factors of 2086?
2, 7, 149
List the prime factors of 4917.
3, 11, 149
List the prime factors of 1200.
2, 3, 5
List the prime factors of 14535.
3, 5, 17, 19
List the prime factors of 1776.
2, 3, 37
List the prime factors of 6246.
2, 3, 347
What are the prime factors of 121863?
3, 7, 829
List the prime factors of 5587.
37, 151
What are the prime factors of 19862?
2, 9931
What are the prime factors of 3960?
2, 3, 5, 11
What are the prime factors of 85?
5, 17
List the prime factors of 26904.
2, 3, 19, 59
List the prime factors of 1135.
5, 227
What are the prime factors of 27388?
2, 41, 167
List the prime factors of 11038.
2, 5519
What are the prime factors of 1399?
1399
List the prime factors of 8351.
7, 1193
What are the prime factors of 1162?
2, 7, 83
List the prime factors of 28562.
2, 14281
What are the prime factors of 937?
937
What are the prime factors of 13424?
2, 839
List the prime factors of 19457.
19457
What are the prime factors of 1347?
3, 449
List the prime factors of 99855.
3, 5, 7, 317
What are the prime factors of 94?
2, 47
What are the prime factors of 11383?
11383
What are the prime factors of 24324?
2, 3, 2027
List the prime factors of 53015.
5, 23, 461
List the prime factors of 50080.
2, 5, 313
List the prime factors of 3794.
2, 7, 271
What are the prime factors of 66198?
2, 3, 11, 17, 59
List the prime factors of 255.
3, 5, 17
List the prime factors of 1439.
1439
What are the prime factors of 185?
5, 37
List the prime factors of 3212.
2, 11, 73
What are the prime factors of 3041?
3041
What are the prime factors of 2252?
2, 563
List the prime factors of 893.
19, 47
List the prime factors of 5412.
2, 3, 11, 41
List the prime factors of 749.
7, 107
List the prime factors of 18915.
3, 5, 13, 97
What are the prime factors of 25240?
2, 5, 631
What are the prime factors of 559?
13, 43
List the prime factors of 378.
2, 3, 7
What are the prime factors of 299?
13, 23
List the prime factors of 2673.
3, 11
What are the prime factors of 696?
2, 3, 29
What are the prime factors of 2272?
2, 71
List the prime factors of 69637.
83, 839
List the prime factors of 2947.
7, 421
List the prime factors of 22596.
2, 3, 7, 269
List the prime factors of 8287.
8287
What are the prime factors of 12117?
3, 7, 577
List the prime factors of 315.
3, 5, 7
List the prime factors of 1257.
3, 419
What are the prime factors of 42277?
67, 631
What are the prime factors of 166752?
2, 3, 193
What are the prime factors of 155730?
2, 3, 5, 29, 179
List the prime factors of 5033.
7, 719
List the prime factors of 326.
2, 163
List the prime factors of 15745.
5, 47, 67
What are the prime factors of 502?
2, 251
What are the prime factors of 3685?
5, 11, 67
List the prime factors of 5734.
2, 47, 61
What are the prime factors of 4952?
2, 619
List the prime factors of 10803.
3, 13, 277
List the prime factors of 2482.
2, 17, 73
What are the prime factors of 1726?
2, 863
List the prime factors of 469.
7, 67
List the prime factors of 44.
2, 11
What are the prime factors of 9738?
2, 3, 541
What are the prime factors of 1007?
19, 53
List the prime factors of 1286.
2, 643
List the prime factors of 2267.
2267
List the prime factors of 39665.
5, 7933
What are the prime factors of 9116?
2, 43, 53
List the prime factors of 1940.
2, 5, 97
What are the prime factors of 783?
3, 29
What are the prime factors of 12200?
2, 5, 61
List the prime factors of 65.
5, 13
What are the prime factors of 6977?
6977
List the prime factors of 3090.
2, 3, 5, 103
List the prime factors of 4693.
13, 19
List the prime factors of 131656.
2, 7, 2351
List the prime factors of 24203.
24203
What are the prime factors of 113027?
113027
List the prime factors of 6771.
3, 37, 61
List the prime factors of 29672.
2, 3709
What are the prime factors of 183?
3, 61
List the prime factors of 326.
2, 163
What are the prime factors of 20928?
2, 3, 109
What are the prime factors of 45860?
2, 5, 2293
What are the prime factors of 77789?
107, 727
What are the prime factors of 9195?
3, 5, 613
List the prime factors of 50.
2, 5
List the prime factors of 338.
2, 13
List the prime factors of 1263.
3, 421
What are the prime factors of 3065?
5, 613
What are the prime factors of 13431?
3, 11, 37
List the prime factors of 7876.
2, 11, 179
What are the prime factors of 1810?
2, 5, 181
What are the prime factors of 19016?
2, 2377
List the prime factors of 569.
569
What are the prime factors of 1951?
1951
What are the prime factors of 1276?
2, 11, 29
List the prime factors of 5994.
2, 3, 37
What are the prime factors of 1665?
3, 5, 37
List the prime factors of 11667.
3, 3889
List the prime factors of 1267.
7, 181
What are the prime factors of 1581?
3, 17, 31
List the prime factors of 1953.
3, 7, 31
What are the prime factors of 4098?
2, 3, 683
What are the prime factors of 1169?
7, 167
What are the prime factors of 13736?
2, 17, 101
List the prime factors of 1187.
1187
What are the prime factors of 19460?
2, 5, 7, 139
What are the prime factors of 3542?
2, 7, 11, 23
What are the prime factors of 66099?
3, 11, 2003
List the prime factors of 2948.
2, 11, 67
List the prime factors of 49866.
2, 3, 8311
List the prime factors of 1652.
2, 7, 59
List the prime factors of 9147.
3, 3049
What are the prime factors of 32080?
2, 5, 401
List the prime factors of 129.
3, 43
What are the prime factors of 10696?
2, 7, 191
List the prime factors of 3280.
2, 5, 41
What are the prime factors of 823?
823
List the prime factors of 252.
2, 3, 7
List the prime factors of 51260.
2, 5, 11, 233
What are the prime factors of 885?
3, 5, 59
What are the prime factors of 28113?
3, 9371
What are the prime factors of 6792?
2, 3, 283
What are the prime factors of 950?
2, 5, 19
What are the prime factors of 3648?
2, 3, 19
What are the prime factors of 924?
2, 3, 7, 11
What are the prime factors of 96606?
2, 3, 1789
What are the prime factors of 407?
11, 37
List the prime factors of 8558.
2, 1